he remainder when 1537529 is divided by 512490.
59
What is the remainder when 108263479 is divided by 6620?
6619
Calculate the remainder when 8076074 is divided by 4037991.
92
Calculate the remainder when 563499 is divided by 7826.
27
What is the remainder when 6672035 is divided by 526?
251
What is the remainder when 1052056 is divided by 350677?
25
Calculate the remainder when 501230 is divided by 236.
202
What is the remainder when 470538 is divided by 65?
3
What is the remainder when 48460 is divided by 1670?
30
What is the remainder when 266092 is divided by 455?
372
What is the remainder when 94468367 is divided by 753?
752
Calculate the remainder when 21791041 is divided by 21.
13
Calculate the remainder when 1267313 is divided by 21850.
13
Calculate the remainder when 40494 is divided by 5630.
1084
Calculate the remainder when 3000783 is divided by 535.
503
Calculate the remainder when 1468879 is divided by 29375.
129
Calculate the remainder when 17038830 is divided by 1504.
14
Calculate the remainder when 583569 is divided by 291637.
295
What is the remainder when 71170 is divided by 23585?
415
Calculate the remainder when 2390000 is divided by 149375.
0
What is the remainder when 69173203 is divided by 789?
784
What is the remainder when 302352 is divided by 1112?
1000
What is the remainder when 62714249 is divided by 81?
80
Calculate the remainder when 358899 is divided by 119311.
966
Calculate the remainder when 33279 is divided by 4972.
3447
Calculate the remainder when 29044 is divided by 4149.
1
What is the remainder when 52047 is divided by 150?
147
Calculate the remainder when 143795315 is divided by 3434.
3433
What is the remainder when 1751332 is divided by 83383?
289
What is the remainder when 14582540 is divided by 13?
11
Calculate the remainder when 26684928 is divided by 1293.
1287
What is the remainder when 3553836 is divided by 784?
748
Calculate the remainder when 144713 is divided by 144526.
187
What is the remainder when 178628 is divided by 1267?
1248
What is the remainder when 957453 is divided by 632?
605
Calculate the remainder when 200974898 is divided by 350.
348
What is the remainder when 128056 is divided by 214?
84
Calculate the remainder when 54124 is divided by 53939.
185
What is the remainder when 430162 is divided by 1625?
1162
Calculate the remainder when 14391749 is divided by 1238.
1237
Calculate the remainder when 32046499 is divided by 101.
7
What is the remainder when 47069 is divided by 108?
89
What is the remainder when 26148 is divided by 7841?
2625
Calculate the remainder when 43646892 is divided by 1745874.
42
Calculate the remainder when 7225905 is divided by 89.
84
Calculate the remainder when 21939 is divided by 10527.
885
What is the remainder when 21267048 is divided by 194?
186
What is the remainder when 5160405 is divided by 176?
85
Calculate the remainder when 8373315 is divided by 2791103.
6
What is the remainder when 149503362 is divided by 29900672?
2
Calculate the remainder when 12866132 is divided by 35.
27
Calculate the remainder when 98696575 is divided by 2936.
2935
What is the remainder when 11004055 is divided by 1446?
1441
Calculate the remainder when 518440 is divided by 18703.
13459
Calculate the remainder when 284831 is divided by 461.
394
Calculate the remainder when 44956 is divided by 8963.
141
Calculate the remainder when 4450481 is divided by 14.
7
Calculate the remainder when 481745 is divided by 2085.
110
What is the remainder when 165369 is divided by 122?
59
What is the remainder when 1151378 is divided by 164455?
193
Calculate the remainder when 51725 is divided by 25422.
881
What is the remainder when 6688178 is divided by 4486?
4038
Calculate the remainder when 353973 is divided by 51.
33
Calculate the remainder when 138490 is divided by 468.
430
Calculate the remainder when 14004299 is divided by 365.
344
What is the remainder when 5791 is divided by 730?
681
Calculate the remainder when 1531931 is divided by 107.
12
What is the remainder when 5762185 is divided by 805?
800
Calculate the remainder when 51485275 is divided by 8.
3
What is the remainder when 1367216393 is divided by 202?
199
Calculate the remainder when 9289970 is divided by 7787.
79
What is the remainder when 211009 is divided by 104?
97
Calculate the remainder when 1623917 is divided by 81195.
17
Calculate the remainder when 4383805 is divided by 1652.
1049
Calculate the remainder when 754225 is divided by 75419.
35
What is the remainder when 45237062 is divided by 242?
2
What is the remainder when 420170 is divided by 135?
50
What is the remainder when 28417733 is divided by 5288?
21
Calculate the remainder when 83255 is divided by 1976.
263
Calculate the remainder when 71046286 is divided by 2579.
2573
What is the remainder when 1956195 is divided by 506?
505
What is the remainder when 1064770 is divided by 9952?
9858
Calculate the remainder when 283308 is divided by 633.
357
What is the remainder when 9403244 is divided by 2350809?
8
What is the remainder when 42153 is divided by 42141?
12
What is the remainder when 5458500 is divided by 2097?
9
Calculate the remainder when 84409 is divided by 1520.
809
What is the remainder when 311635 is divided by 883?
819
What is the remainder when 2434089 is divided by 3655?
3514
Calculate the remainder when 14553429 is divided by 23.
18
What is the remainder when 64022684 is divided by 37?
30
Calculate the remainder when 273086 is divided by 450.
386
What is the remainder when 9215198 is divided by 1279?
3
What is the remainder when 19411537 is divided by 18?
13
Calculate the remainder when 52118 is divided by 1725.
368
What is the remainder when 21832943 is divided by 1086?
1085
What is the remainder when 105011 is divided by 157?
135
Calculate the remainder when 1802113 is divided by 154.
5
What is the remainder when 2200215 is divided by 151?
145
Calculate the remainder when 818229 is divided by 6106.
25
Calculate the remainder when 193550109 is divided by 217.
214
Calculate the remainder when 44640981 is divided by 5.
1
Calculate the remainder when 41357 is divided by 346.
183
Calculate the remainder when 5847655 is divided by 442.
437
Calculate the remainder when 6838090 is divided by 2279336.
82
What is the remainder when 2115076 is divided by 92?
88
Calculate the remainder when 16702 is divided by 1124.
966
Calculate the remainder when 5742612 is divided by 22.
18
What is the remainder when 62615364 is divided by 83?
81
Calculate the remainder when 5322724 is divided by 2415.
64
Calculate the remainder when 72083 is divided by 29.
18
Calculate the remainder when 4674857 is divided by 227.
19
What is the remainder when 16787670 is divided by 366?
348
Calculate the remainder when 45022790 is divided by 152104.
6
Calculate the remainder when 399191 is divided by 3722.
937
Calculate the remainder when 149568 is divided by 1024.
64
Calculate the remainder when 337284 is divided by 161.
150
What is the remainder when 204867048 is divided by 2150?
2148
What is the remainder when 27564264 is divided by 34672?
24
Calculate the remainder when 49745761 is divided by 482968.
57
What is the remainder when 2375947 is divided by 457?
4
What is the remainder when 1794088 is divided by 46?
42
Calculate the remainder when 59370714 is divided by 3274.
3272
Calculate the remainder when 13028446 is divided by 113.
111
Calculate the remainder when 37977573 is divided by 380.
373
What is the remainder when 241840 is divided by 8052?
280
Calculate the remainder when 18755 is divided by 1042.
1041
Calculate the remainder when 303882 is divided by 1034.
920
What is the remainder when 27757453 is divided by 4374?
49
Calculate the remainder when 548695 is divided by 895.
60
What is the remainder when 23575817 is divided by 1979?
1969
What is the remainder when 146654 is divided by 157?
16
Calculate the remainder when 635266 is divided by 462.
16
Calculate the remainder when 87330462 is divided by 13174.
16
What is the remainder when 13986392 is divided by 249756?
56
What is the remainder when 788861 is divided by 5452?
3773
What is the remainder when 188150 is divided by 46540?
1990
Calculate the remainder when 65904 is divided by 21515.
1359
What is the remainder 